= 27. Suppose -13*p - o = -16*p. Suppose -4*v = -3*q + 92, 5*v - 96 = -p*q - 22. What is the tens digit of q?
2
Suppose 48397 - 5071 = 29*c. What is the thousands digit of c?
1
Let q = 158 + 334. What is the tens digit of q?
9
Let k be (-1)/(1*1/(-10)). Let d be k/4 - 6/(-12). Suppose d*f - 20 = 2*f. What is the units digit of f?
0
What is the tens digit of (-3)/((-7)/(-448)*-2)?
9
Suppose -3*u + 3*r + 7986 = 0, -2905 + 231 = -u - 3*r. What is the hundreds digit of u?
6
Let q be 12*(-3 + 20/6). Suppose -12 = r + 4*d, 0 = 5*r + 3*d - 8*d - 15. Suppose -y - i = -2*y + 29, 2*y + q*i - 64 = r. What is the tens digit of y?
3
Suppose 6 = 2*j + 4*n, -5*j + n = -2*n - 15. Suppose 2*i + j*l + 35 = 172, i + l - 66 = 0. What is the units digit of i?
1
What is the units digit of (-1150)/(-12) + 3 - (-6)/36?
9
Suppose -q - 3*s - 116 = -535, -5*s = -4*q + 1744. What is the tens digit of q?
3
Suppose 13 = 5*z - 17. Suppose -250 = -8*y + z*y. What is the hundreds digit of y?
1
Suppose 4*o + 166 - 1834 = 0. Suppose -4*m - i - i + 328 = 0, -i = -5*m + o. What is the tens digit of m?
8
Let j(a) = 4*a**2 + 4*a - 19. Let w be j(-6). Suppose -6*u + w = -109. Let p = -34 + u. What is the units digit of p?
1
Suppose 2*t - 3*l = 13 + 33, 4*l = 4*t - 84. What is the tens digit of 3*t + (-18 - -23)?
5
Suppose -3*w + 19*u - 14*u - 4 = 0, 4*w - 2*u = 4. What is the units digit of w?
2
Suppose -5*x = 4*o - 2321, -4*o + 5*x + 2348 = x. What is the units digit of o?
4
Suppose 26 = 3*f + t - 34, -3*t - 30 = -f. Suppose -13*u = -f*u + 1920. What is the hundreds digit of u?
2
Suppose -2*l + 491 = l - i, 0 = 2*l - 3*i - 332. What is the tens digit of -5 + l + 0 + -2?
5
Let m(z) = z**3 - 9*z**2 + z - 7. Let t be m(9). Suppose 3*u + t*u + 130 = 0. Let r = -13 - u. What is the tens digit of r?
1
Let j be -1 - ((-10)/(-2) + -4). What is the units digit of (j - (-6 - -1)) + 46?
9
Suppose 0 = 2*n + s + 13, 5*n - 4*s + 26 = 0. What is the units digit of (n/(-48)*198)/(2/8)?
9
What is the hundreds digit of ((-6420)/(-25))/(6/15)?
6
Suppose -2478 = -6*l + 1752. What is the tens digit of l?
0
Let f = 6 + -22. Let l(j) = j**2 + 16*j. Let i be l(f). What is the units digit of (1 - i) + 6 + 25?
2
Let g = -26 + 29. Suppose -5*x = 0, g*r = -r + 4*x + 56. What is the units digit of r?
4
Suppose 5*y + 2 = h, -5*h + 11 = -3*y + 1. Suppose 4*w - 2 = 4*j + h*w, 0 = 5*j + 3*w - 25. What is the units digit of j?
2
Let x be (231/(-28))/((-2)/8). Let j = x - 9. What is the tens digit of j?
2
Suppose 547*f + 4536 = 556*f. What is the hundreds digit of f?
5
Suppose 9*a - 4527 = 15183. What is the tens digit of a?
9
Suppose 30*c + 3*c - 19734 = 0. What is the hundreds digit of c?
5
Let s(t) = 70*t + 67. What is the hundreds digit of s(19)?
3
Suppose -5*r = -0*r. Let o be -3 - -2 - r - -6. Suppose -2*h - 3*h + o = 0. What is the units digit of h?
1
Let m(u) = u**2 - 5. Let y be m(4). Let j(h) = 4*h - 14. What is the tens digit of j(y)?
3
Let r(q) = 2*q**3 - 3*q**3 + 13*q**2 - 7*q - 5*q**2. Suppose 2*v + 5*f - 22 = 0, -5*v = f - 4*f - 24. What is the units digit of r(v)?
0
Let d be (924/(-30))/((-2)/20). Suppose -5*w + 3*g = -55, 2*g - 6 = -2*w - 0. What is the tens digit of w/(-36) - d/(-9)?
3
What is the tens digit of ((-2481)/9 - (-15)/(-3))*-6?
8
Suppose 11*c - 13 = 9. Suppose -19 = -s + 4*n, -4*s = -c*n - 53 - 93. What is the tens digit of s?
3
What is the thousands digit of ((-4902)/(-1))/2 - (-47 - -52)?
2
Let m(x) = 32*x**3 - 16*x**3 + x**2 - 4 - 3*x**2 + 7*x - 19*x**3. What is the units digit of m(-4)?
8
Suppose -5*q + 6 = -4. Suppose 0 = j - 4, 3*c - j = q*j - 78. Let s = 3 - c. What is the tens digit of s?
2
Let z(k) = 2*k**3 + 3*k**2 + 8*k - 35. What is the units digit of z(4)?
3
Let s be -1*((-20)/4 - (-2 + 2)). Suppose 224 = s*h - 421. What is the tens digit of h?
2
What is the tens digit of (-5 - (-1972 + 2)) + -4?
6
Let g(p) = -p**2 - p + 61. Let d = -11 - -11. What is the tens digit of g(d)?
6
Let n(l) = l**3 + 11*l**2 + 2*l + 13. Let b be n(-11). Let s(t) = -t**2 - 4*t + 46. What is the units digit of s(b)?
1
What is the tens digit of 1788/21*(-420)/(-40)?
9
Let k = -2 + 2. Suppose -2*g = 0, 3*d - 3*g = -k*g + 33. Let b = d - 0. What is the tens digit of b?
1
Suppose -u - 6 = -3*z + 2*u, -5*u - 10 = -z. Suppose -5*y = -g + 647, z = -4*y - 0*g - 5*g - 535. What is the units digit of (-6)/21 - y/14?
9
Suppose 0 = k - 4, -24 - 49 = -j - 3*k. Suppose -m - j = -195. What is the hundreds digit of m?
1
Suppose 12*m - 16 = 8*m. Suppose 3*j + 25 + 16 = r, -m*r + 196 = 4*j. Suppose r = 5*k - 43. What is the tens digit of k?
1
Suppose 6*u - 6996 = -16*u. What is the units digit of u?
8
Let x be 2 - -2*3/6. Suppose -x*y - 16 + 0 = 4*t, -5*t = 5*y + 20. What is the tens digit of ((-6)/5)/(t/60)?
1
Let w = 209 - 86. Let q = 178 - w. What is the units digit of q?
5
Let g be (-189)/(3*2/(-18)). Suppose g = 8*r - 857. What is the units digit of r?
8
Let y(o) = 2386*o**3 - o**2 - 5*o + 5. What is the hundreds digit of y(1)?
3
Suppose -29*j + 256 = -25*j. What is the tens digit of j?
6
Let i = -18 - -21. Suppose -i*t + 6 - 27 = 0. Let w(y) = -y**3 - 6*y**2 + 3*y + 2. What is the units digit of w(t)?
0
Suppose -3*z + 5926 + 2897 = 3*h, -3*h - 8835 = -3*z. What is the thousands digit of z?
2
Let p(q) = q**3 - 5*q**2 + 4*q + 1. Let j be p(4). Let y be 2*j*133/14. Suppose a - 46 = -y. What is the tens digit of a?
2
Suppose -f + 2*w = 3, f + 6 - 3 = -2*w. What is the hundreds digit of (f - 96/(-9))*15?
1
Suppose -14*n + 176057 = 35*n. What is the tens digit of n?
9
Let o(a) = -a**3 - 63*a**2 - 58*a - 60. What is the tens digit of o(-63)?
9
Let r = -592 + 1395. What is the units digit of r?
3
Let f = -15 - -116. Let t = f + -91. What is the tens digit of t?
1
Suppose 5*h + 29 + 76 = 0. Let y = h + 86. Let c = y + -45. What is the units digit of c?
0
Let h be -3 + (-106 - 0)*-1. Let j = h - 44. Suppose d + 2 - j = 0. What is the tens digit of d?
5
Let p be ((-1)/1 + 21)*2. Suppose 0 = 3*s - 35 - p. Let t = s - 14. What is the units digit of t?
1
Let x = 197 + 6164. What is the thousands digit of x?
6
Let l(p) = 820*p**3 + 10*p - 10. What is the hundreds digit of l(1)?
8
Let i be 3700/14 + (-4)/14. Suppose 3*z - 6*z = -i. What is the tens digit of z?
8
Let r = 663 + -481. What is the hundreds digit of r?
1
Suppose 5*r = 1 + 14. Let z(a) = -5*a**2 - 2*a**2 - 2 - 5 + 6 + 3*a + a**r. What is the units digit of z(7)?
0
Suppose 10*k - 232 = 6*k. Let b = k - 7. What is the tens digit of b?
5
Let h = 92 + -90. What is the units digit of (-1)/h*((-1869)/7 - -5)?
1
Let k(h) = 28*h**2 - 5*h - 9. What is the units digit of k(-3)?
8
Suppose 0 = 5*n + 18 - 8. Let z(i) = -7*i**3 + 3*i**2 + 3*i + 1. Let l be z(n). Let f = l - 30. What is the units digit of f?
3
Let i be (792/(-84))/((-2)/14). Let x = -26 + i. What is the tens digit of x?
4
Suppose 0 = -y - 5*i + 2*i + 2, 0 = i + 1. Let h = y - 3. Suppose 4*f = 2*z + 66, 0 = h*f + f - 2*z - 49. What is the tens digit of f?
1
Let q = -562 + 294. Let c = q - -189. Let o = -52 - c. What is the tens digit of o?
2
Suppose -7754 + 2567 = -13*c. What is the units digit of c?
9
Let m = 1252 - 891. What is the tens digit of m?
6
Let z(b) = -270*b**3 + 2*b**2 + 4*b - 2. What is the tens digit of z(-2)?
5
Suppose -356 = 2*k - 4*k. Suppose -p - 4*y = y - 93, -2*p + k = 2*y. What is the tens digit of p?
8
Let a be ((0 - -2) + -9)*1. Let x = -8 - a. What is the units digit of (-19)/(-2 + 2 + x)?
9
Suppose 3*l - 2 = w, -3*l + 6 = 2*l - w. Let t be (-3 - -4) + -11 + l. What is the units digit of 10*(-4)/t - 2?
3
What is the tens digit of (-3 - (-13 - -7))*(-1299)/(-9)?
3
What is the tens digit of (0 + 194/(-3)*6)*-2?
7
Let t(w) = w**2 + 2*w - 3. Let d be t(2). Suppose 2*s - 20 = s + d*x, 3*x = s - 18. What is the units digit of s?
5
Let m(d) be the third derivative of -11*d**4/4 + d**3/2 - 25*d**2. What is the tens digit of m(-1)?
6
Suppose -5*z - 3*c + 864 = 219, 0 = -z - c + 127. What is the units digit of 21/(-2)*z/(-77)?
8
Let b(o) be the first derivative of o**4/4 - 2*o**3 - 7*o**2/2 + 12*o + 19. What is the units digit of b(8)?
4
Suppose 662*o = 656*o + 5574. What is the tens digit of o?
2
Suppose 0*s + 4*n + 6 = -s, s - 1 = 3*n. Let a(o) = -35*o**3 + 3*o**2 + 6*o + 6. What is the units